n 4425 is divided by 1067.
157
Calculate the remainder when 6328 is divided by 638.
586
Calculate the remainder when 17937 is divided by 485.
477
What is the remainder when 1032 is divided by 157?
90
What is the remainder when 19461 is divided by 8?
5
What is the remainder when 919 is divided by 439?
41
What is the remainder when 9969 is divided by 63?
15
What is the remainder when 90326 is divided by 145?
136
Calculate the remainder when 17295 is divided by 1569.
36
Calculate the remainder when 35902 is divided by 378.
370
What is the remainder when 10749 is divided by 5363?
23
What is the remainder when 204887 is divided by 1375?
12
Calculate the remainder when 660 is divided by 348.
312
Calculate the remainder when 7059 is divided by 2340.
39
What is the remainder when 359 is divided by 81?
35
What is the remainder when 55797 is divided by 180?
177
Calculate the remainder when 10337 is divided by 64.
33
What is the remainder when 31 is divided by 26?
5
What is the remainder when 4221 is divided by 1391?
48
Calculate the remainder when 448784 is divided by 633.
620
Calculate the remainder when 153323 is divided by 51088.
59
What is the remainder when 35296 is divided by 31?
18
Calculate the remainder when 20507 is divided by 854.
11
Calculate the remainder when 20724 is divided by 4141.
19
What is the remainder when 10931 is divided by 130?
11
What is the remainder when 1203 is divided by 221?
98
Calculate the remainder when 15753 is divided by 93.
36
What is the remainder when 20530 is divided by 116?
114
Calculate the remainder when 1094 is divided by 15.
14
What is the remainder when 1147 is divided by 23?
20
Calculate the remainder when 24582 is divided by 738.
228
What is the remainder when 10853 is divided by 471?
20
Calculate the remainder when 28718 is divided by 28708.
10
Calculate the remainder when 18668 is divided by 317.
282
Calculate the remainder when 101285 is divided by 16879.
11
What is the remainder when 40971 is divided by 13654?
9
What is the remainder when 20416 is divided by 131?
111
Calculate the remainder when 117893 is divided by 401.
400
What is the remainder when 29055 is divided by 29002?
53
What is the remainder when 18879 is divided by 2695?
14
What is the remainder when 11587 is divided by 190?
187
Calculate the remainder when 9264 is divided by 101.
73
What is the remainder when 1762 is divided by 331?
107
What is the remainder when 332 is divided by 64?
12
Calculate the remainder when 140335 is divided by 31.
29
Calculate the remainder when 16446 is divided by 5476.
18
What is the remainder when 1783 is divided by 335?
108
What is the remainder when 191328 is divided by 190?
188
Calculate the remainder when 10020 is divided by 118.
108
Calculate the remainder when 9062 is divided by 41.
1
What is the remainder when 152383 is divided by 152325?
58
What is the remainder when 8038 is divided by 2573?
319
Calculate the remainder when 502781 is divided by 48.
29
What is the remainder when 13913 is divided by 535?
3
What is the remainder when 10961 is divided by 10926?
35
What is the remainder when 8404 is divided by 10?
4
What is the remainder when 15796 is divided by 67?
51
Calculate the remainder when 49678 is divided by 16.
14
What is the remainder when 208928 is divided by 17?
15
Calculate the remainder when 6301 is divided by 454.
399
What is the remainder when 1753 is divided by 328?
113
What is the remainder when 815143 is divided by 8?
7
Calculate the remainder when 633148 is divided by 30.
28
Calculate the remainder when 50667 is divided by 292.
151
What is the remainder when 2227 is divided by 1101?
25
Calculate the remainder when 540 is divided by 129.
24
What is the remainder when 3815 is divided by 201?
197
What is the remainder when 9899189 is divided by 95?
94
What is the remainder when 23008 is divided by 11503?
2
Calculate the remainder when 1447 is divided by 1439.
8
What is the remainder when 6747 is divided by 15?
12
What is the remainder when 417988 is divided by 139328?
4
What is the remainder when 33045 is divided by 33003?
42
Calculate the remainder when 930861 is divided by 20236.
5
What is the remainder when 6822 is divided by 186?
126
Calculate the remainder when 578308 is divided by 222.
220
Calculate the remainder when 7229 is divided by 315.
299
What is the remainder when 296410 is divided by 912?
10
What is the remainder when 81187 is divided by 228?
19
What is the remainder when 28410 is divided by 1893?
15
What is the remainder when 18113 is divided by 625?
613
Calculate the remainder when 184877 is divided by 226.
9
Calculate the remainder when 134206 is divided by 7.
2
Calculate the remainder when 273372 is divided by 4713.
18
Calculate the remainder when 282322 is divided by 115.
112
What is the remainder when 41557 is divided by 1543?
1439
Calculate the remainder when 22843 is divided by 7450.
493
Calculate the remainder when 42643 is divided by 4736.
19
Calculate the remainder when 105854 is divided by 585.
554
Calculate the remainder when 3010 is divided by 156.
46
What is the remainder when 4949 is divided by 46?
27
What is the remainder when 84916 is divided by 334?
80
What is the remainder when 72494 is divided by 368?
366
Calculate the remainder when 32979 is divided by 62.
57
What is the remainder when 16156 is divided by 59?
49
Calculate the remainder when 2627 is divided by 875.
2
What is the remainder when 1024833 is divided by 246?
243
What is the remainder when 327165 is divided by 109048?
21
Calculate the remainder when 579765 is divided by 579755.
10
What is the remainder when 3037935 is divided by 656?
655
Calculate the remainder when 4607 is divided by 3054.
1553
What is the remainder when 4181 is divided by 123?
122
Calculate the remainder when 1649 is divided by 756.
137
Calculate the remainder when 384743 is divided by 1173.
1172
What is the remainder when 70887 is divided by 15?
12
Calculate the remainder when 8015 is divided by 1569.
170
What is the remainder when 8122 is divided by 57?
28
Calculate the remainder when 1271852 is divided by 643.
641
What is the remainder when 15928 is divided by 15?
13
Calculate the remainder when 5929 is divided by 1972.
13
What is the remainder when 735143 is divided by 367570?
3
Calculate the remainder when 65496 is divided by 27.
21
What is the remainder when 24564 is divided by 1024?
1012
Calculate the remainder when 6318 is divided by 444.
102
Calculate the remainder when 13740 is divided by 17.
4
What is the remainder when 40431 is divided by 1263?
15
What is the remainder when 264 is divided by 223?
41
What is the remainder when 6605 is divided by 655?
55
Calculate the remainder when 27509 is divided by 11.
9
Calculate the remainder when 4842 is divided by 802.
30
What is the remainder when 138000 is divided by 171?
3
What is the remainder when 43919 is divided by 21936?
47
What is the remainder when 1527767 is divided by 198?
197
What is the remainder when 38671 is divided by 317?
314
Calculate the remainder when 122170 is divided by 40717.
19
What is the remainder when 32530 is divided by 84?
22
What is the remainder when 723416 is divided by 879?
878
What is the remainder when 2025 is divided by 1504?
521
What is the remainder when 1433 is divided by 207?
191
What is the remainder when 48899 is divided by 30?
29
What is the remainder when 62389 is divided by 31192?
5
What is the remainder when 1245 is divided by 78?
75
Calculate the remainder when 8335 is divided by 823.
105
Calculate the remainder when 5160 is divided by 483.
330
What is the remainder when 114715 is divided by 382?
115
Calculate the remainder when 485 is divided by 181.
123
What is the remainder when 104543 is divided by 33?
32
What is the remainder when 3434 is divided by 684?
14
Calculate the remainder when 3730 is divided by 635.
555
Calculate the remainder when 60274 is divided by 1883.
18
Calculate the remainder when 227095 is divided by 542.
539
Calculate the remainder when 7343 is divided by 57.
47
Calculate the remainder when 338433 is divided by 316.
313
What is the remainder when 82522 is divided by 13738?
94
Calculate the remainder when 22079 is divided by 3673.
41
What is the remainder when 35072 is divided by 19?
17
Calculate t